at is -2013 (base 7) in base 9?
-853
What is 8b7 (base 13) in base 7?
4244
What is 271 (base 12) in base 16?
175
-16488 (base 10) to base 9
-24550
Convert 626 (base 8) to base 7.
1120
What is 2313022 (base 4) in base 13?
5449
-15634 (base 13) to base 14
-10b23
What is 1412321 (base 5) in base 11?
1a942
9418 (base 11) to base 2
11000011000010
What is -67b5 (base 16) in base 5?
-1322144
What is -112000021 (base 3) in base 4?
-2133211
What is 1037 (base 10) in base 12?
725
120121012 (base 3) to base 8
26154
Convert -1331303 (base 4) to base 11.
-605a
What is 10220120 (base 3) in base 4?
230202
Convert -227 (base 15) to base 7.
-1264
What is -1d0a (base 14) in base 4?
-1102312
Convert 532 (base 9) to base 4.
12302
What is -1849 (base 14) in base 9?
-6003
13067 (base 10) to base 9
18828
-4a58 (base 14) to base 5
-404024
What is 55653 (base 9) in base 11?
25872
23134 (base 6) to base 12
1aaa
cc6 (base 14) to base 15
b36
Convert 183 (base 9) to base 5.
1111
1486 (base 11) to base 5
30114
1102011 (base 3) to base 11
857
656 (base 14) to base 3
1201101
-1435 (base 10) to base 7
-4120
Convert -3222102 (base 4) to base 6.
-153230
What is 772 (base 12) in base 8?
2106
Convert 632 (base 7) to base 11.
269
Convert -c6 (base 13) to base 11.
-138
Convert -144 (base 6) to base 2.
-1000000
Convert -2013323 (base 4) to base 8.
-20773
Convert -331222 (base 4) to base 16.
-f6a
101101011 (base 2) to base 13
21c
Convert -15ba (base 12) to base 14.
-d30
1a82 (base 13) to base 11
3000
Convert -4ea (base 15) to base 14.
-5a0
24305 (base 7) to base 2
1100010110110
Convert 3144 (base 10) to base 4.
301020
What is -202525 (base 7) in base 6?
-424004
Convert -14f (base 16) to base 7.
-656
11223233 (base 4) to base 2
101101011101111
What is -11501 (base 6) in base 11?
-12aa
What is 4544 (base 9) in base 4?
310201
-1129 (base 10) to base 9
-1484
-3a0a (base 12) to base 2
-1100111101010
Convert 1a58 (base 11) to base 10.
2604
What is -120111 (base 3) in base 6?
-1534
Convert 10011010 (base 2) to base 13.
bb
What is -13110 (base 6) in base 3?
-2201120
What is 5 (base 7) in base 10?
5
What is 111011111 (base 2) in base 6?
2115
What is 341 (base 14) in base 10?
645
Convert 111100110 (base 2) to base 13.
2b5
4ee (base 15) to base 7
3164
-21540 (base 10) to base 9
-32483
Convert -1220111 (base 3) to base 13.
-82c
What is 3211 (base 6) in base 8?
1327
What is 11eb (base 15) in base 8?
7355
Convert 2cb7 (base 14) to base 16.
1f41
What is -842b (base 14) in base 3?
-1011020112
What is -103233 (base 4) in base 12?
-893
What is -3100020 (base 4) in base 7?
-53556
-3218 (base 14) to base 15
-2866
3021 (base 4) to base 10
201
-25005 (base 7) to base 4
-1211322
What is 110110001010001 (base 2) in base 11?
19919
Convert 101110100011101 (base 2) to base 7.
126332
1709 (base 15) to base 9
6720
What is -31962 (base 11) in base 6?
-554511
-335415 (base 6) to base 7
-145643
-6286 (base 10) to base 14
-2410
Convert -1740 (base 12) to base 5.
-42114
Convert 202304 (base 5) to base 7.
25116
What is -2814 (base 12) in base 9?
-6307
Convert -128 (base 15) to base 2.
-100000111
Convert -6266 (base 9) to base 10.
-4596
50841 (base 10) to base 12
25509
Convert 2175 (base 9) to base 4.
121013
1415452 (base 6) to base 15
18be2
Convert 14232 (base 7) to base 3.
12100020
Convert -1736 (base 8) to base 14.
-50a
What is 105163 (base 8) in base 12?
18617
What is 13716 (base 8) in base 16?
17ce
What is -10100011011001 (base 2) in base 16?
-28d9
1403 (base 6) to base 15
193
-605 (base 9) to base 6
-2135
What is 1221 (base 8) in base 10?
657
Convert 1300 (base 8) to base 3.
222002
Convert -1011110101100100 (base 2) to base 10.
-48484
What is 201 (base 11) in base 12?
183
22967 (base 11) to base 9
50364
Convert 155b (base 14) to base 2.
111011011101
-208 (base 13) to base 12
-24a
-1001011010100 (base 2) to base 14
-1a84
21100 (base 3) to base 7
402
Convert -16245 (base 12) to base 8.
-75325
-102554 (base 6) to base 10
-8422
Convert -68a1 (base 12) to base 5.
-333031
-4dc (base 14) to base 12
-696
Convert 43254 (base 6) to base 2.
1011100110010
312 (base 5) to base 14
5c
Convert 10966 (base 10) to base 15.
33b1
What is 54b (base 12) in base 6?
3335
What is -540 (base 11) in base 10?
-649
Convert -c04 (base 13) to base 7.
-5632
-11285 (base 10) to base 11
-852a
10 (base 16) to base 10
16
Convert 1052 (base 6) to base 12.
188
2634 (base 14) to base 8
15066
What is 101011001101 (base 2) in base 3?
10210102
1053023 (base 6) to base 11
37469
-642b (base 13) to base 3
-201001122
-22313 (base 8) to base 9
-13825
Convert 20256 (base 9) to base 16.
3417
Convert -258 (base 13) to base 5.
-3121
Convert 271 (base 11) to base 14.
18c
-745 (base 10) to base 13
-454
12300123 (base 4) to base 3
1101222000
Convert 335 (base 16) to base 5.
11241
Convert -75302 (base 9) to base 13.
-198a1
Convert 3324 (base 10) to base 13.
1689
-a2c (base 16) to base 7
-10410
Convert 695 (base 15) to base 7.
4226
-321 (base 11) to base 12
-282
-4f2 (base 16) to base 12
-896
Convert 200233 (base 4) to base 3.
2212121
What is 19f1 (base 16) in base 14?
25c5
Convert -3725 (base 8) to base 4.
-133111
Convert -234 (base 13) to base 6.
-1433
What is -f1 (base 16) in base 15?
-111
What is -5144 (base 13) in base 9?
-16335
-6513 (base 7) to base 4
-210021
-1163 (base 8) to base 11
-520
What is 1000011101111100 (base 2) in base 12?
180a4
131131 (base 5) to base 15
17e6
What is 113400 (base 6) in base 8?
23210
What is 4077 (base 10) in base 16?
fed
-38 (base 14) to base 16
-32
Convert -11011001010 (base 2) to base 4.
-123022
What is -5602 (base 10) in base 15?
-19d7
62334 (base 7) to base 13
6c42
What is 10601 (base 11) in base 14?
585a
What is 1b55 (base 12) in base 7?
12563
Convert -711 (base 16) to base 10.
-1809
What is -101111001011 (base 2) in base 16?
-bcb
What is 122a4 (base 12) in base 10?
24604
What is 332 (base 14) in base 8?
1170
-2533 (base 7) to base 13
-586
Convert 16a5 (base 13) to base 11.
2572
Convert -18d (base 14) to base 9.
-386
Convert -113114 (base 7) to base 3.
-1000211202
-11111010001001 (base 2) to base 8
-37211
59db (base 15) to base 12
b082
-20120 (base 3) to base 14
-c9
Convert 5626 (base 9) to base 11.
3138
Convert 1556 (base 7) to base 10.
629
321 (base 12) to base 4
13021
Convert 82b5 (base 15) to base 14.
a0cc
-10556 (base 9) to base 5
-211032
2724 (base 10) to base 14
dc8
-282a (base 14) to base 6
-52502
What is 11a (base 11) in base 8?
216
-139 (base 14) to base 5
-1442
Convert -2b3 (base 14) to base 4.
-20211
713 (base 15) to base 3
2012000
What is 1127 (base 8) in base 10?
599
3ca (base 14) to base 12
53a
2232023 (base 4) to base 5
324042
Convert -6874 (base 11) to base 2.
-10001101001011
Convert -404 (base 7) to base 15.
-d5
-14403 (base 5) to base 8
-2314
What is 137 (base 8) in base 11?
87
What is 252 (base 10) in base 7?
510
2432144 (base 5) to base 4
23031210
2731 (base 9) to base 5
31203
Convert -235633 (base 7) to base 2.
-1010011101100010
What is 16842 (base 9) in base 16?
2d65
Convert -203132 (base 4) to base 13.
-1058
Convert -109 (base 14) to base 2.
-11001101
Convert -283 (base 15) to base 4.
-20331
What is 50c9 (base 13) in base 11?
8417
2996 (base 12) to base 15
1696
Convert -2044 (base 6) to base 15.
-20a
Convert -10113 (base 4) to base 6.
-1143
What is -317b (base 12) in base 11?
-4090
50503 (base 7) to base 16
2fdd
2601 (base 8) to base 13
845
-3455 (base 9) to base 6
-15505
Convert -129 (base 14) to base 7.
-452
What is 160613 (base 7) in base 12?
162a5
-1424014 (base 6) to base 11
-56032
What is 5052 (base 6) in base 10?
1112
What is -1119 (base 10) in base 2?
-10001011111
a1 (base 16) to base 12
115
What is -220 (base 8) in base 12?
-100
What is 53 (base 9) in base 3?
1210
37636 (base 10) to base 6
450124
What is -422 (base 13) in base 12?
-4a8
Convert -2642 (base 7) to base 15.
-475
What is -361 (base 7) in base 9?
-231
What is -141 (base 6) in base 4?
-331
3042 (base 6) to base 2
1010100010
What is 212021011 (base 3) in base 10?
16960
Convert 1374 (base 14) to base 5.
102214
Convert 130 (base 15) to base 11.
226
What is 92 (base 15) in base 7?
254
What is 300130 (base 4) in base 16?
c1c
-549 (base 13) to base 4
-32022
What is 206 (base 12) in base 4?
10212
What is -1037 (base 9) in base 12?
-537
